 7. Let b be ((-6)/(-12))/(s/386). Suppose -3*u - f = 3*f - 103, 0 = 5*u - 4*f - b. Is u a composite number?
False
Let h = 246 + 47. Is h a prime number?
True
Let p(n) = 6*n + 13. Let d(h) = -1. Let l(f) = -2*d(f) - p(f). Let i = -31 + 15. Is l(i) a prime number?
False
Is (1175192/34)/4 + (-2)/17 a composite number?
False
Let k(i) = 4*i**2 + 11*i - 11. Let p(z) = 5*z**2 + 12*z - 11. Let y(j) = -5*k(j) + 6*p(j). Is y(-8) prime?
False
Suppose -12*y + 53420 = 8000. Let z = 5326 - y. Is z prime?
False
Let a be ((-176)/6)/(4/(-12)). Suppose -p + 83 - 5 = w, p + a = w. Is w prime?
True
Let b(m) = 2*m**3 - 9*m + m**3 - 15 - 2*m**3 + 13*m**2. Let r be b(-12). Suppose -162 - r = -7*w. Is w a composite number?
True
Let n = 25598 + -9307. Is n a prime number?
False
Let n(b) = 6*b - 26. Let x be n(6). Suppose -2*f - 805 = 5*j + 3*f, -f - 3 = 0. Is j/(-4)*20/x a prime number?
True
Let g be 1405/2 - 2/(-4). Suppose -o - 3*w + 144 = -0*w, -5*o + g = -2*w. Suppose -3*a + 2*a = -o. Is a prime?
False
Let a be 5/(-30) - (-50)/12. Suppose p + 2 = a. Suppose 0 = -d + p*d - 347. Is d a composite number?
False
Let j(q) = 53*q**3 + 6*q**2 - 4*q - 2. Is j(3) prime?
True
Let z(j) = 75*j**2 - 8*j - 5. Is z(6) a composite number?
False
Let t = -9 + -23. Let y = -10 - t. Is 6347/y + 2/4 composite?
True
Suppose -32*r = -26683 - 6885. Is r a prime number?
True
Suppose 5*a = 4*t + 78, 3*t + 2*a + 70 = -0*a. Let q(r) = 4*r**2 + 2*r - 35. Is q(t) a prime number?
False
Let s = 13 - -5. Suppose -5*i + 3*w = -s, -3*i + 5 = -i + w. Suppose -93 = -3*n - 2*n + i*p, 4*p - 16 = 0. Is n a prime number?
False
Let u = 30307 + -2014. Is u composite?
True
Let d(f) = 489*f - 1057. Is d(10) composite?
False
Let b = -8 - -10. Suppose 225 = b*f + 51. Is f composite?
True
Suppose -3*p - 2*p + 25 = 0. Suppose 6 = -3*z - 0, -5*z = p*l. Suppose l*r + 3*k - 58 = 165, 0 = -r + 2*k + 115. Is r a prime number?
True
Let y(r) = -65*r. Let f = 13 - 22. Let b(t) = 33*t. Let z(c) = f*b(c) - 4*y(c). Is z(-5) a prime number?
False
Let t(z) = -13*z + 25. Let w(d) = 1. Let v(u) = -t(u) + 3*w(u). Is v(7) prime?
False
Suppose -68*s + 39*s = -7279. Is s prime?
True
Let c(o) = 16939*o**3 + 4*o**2 + 2*o - 2. Is c(1) a prime number?
True
Let v(i) = -9*i**2 - 13*i + 2. Let a be v(10). Let f = a - -1949. Is f a composite number?
True
Suppose -2*o = 2*a - 8174, 2*a - a + 4079 = o. Suppose u + 2*u = o. Is u a composite number?
False
Let q(u) be the first derivative of -u**4/4 - u**3/3 + u**2/2 + 145*u - 3. Is q(0) a prime number?
False
Suppose 4*y = w + 64730, -2*y - 9535 + 41907 = 3*w. Is y a prime number?
True
Is (-96)/(-240) + 439913/5 prime?
False
Suppose 4*m + 37 = 53. Suppose -3527 = 3*i - m*i. Is i prime?
True
Let y = 1113 + 165. Suppose h = y - 235. Is h a composite number?
True
Let p(c) = 260*c + 79. Is p(11) a prime number?
True
Let t(o) = o**3 + 4*o**2 - 4. Let s be t(-3). Suppose -s*r = -10*r - 30. Let j(n) = 7*n**2 + 5*n - 7. Is j(r) composite?
True
Let d = -168 + 171. Let x be -1*1 + 2 + 2. Suppose d*r - 60 = -3*w - 15, -x*w + 17 = r. Is r a composite number?
True
Let b(v) = -4*v - 14. Let z be b(-4). Is z*251*1/2 a composite number?
False
Let n = -13 + 7. Let x be ((-12)/(-5))/(n/20). Let d = x - -82. Is d a composite number?
True
Suppose 0 = -40*h + 38*h - 6. Is ((-1294)/(-6))/((-1)/h) a prime number?
True
Let p(c) = 11*c. Let w(j) = -4*j. Let g(d) = -3*p(d) - 8*w(d). Let n be g(0). Suppose n = -5*t - 323 + 1578. Is t composite?
False
Let t be ((-15)/10)/((-2)/52). Let k = 812 + t. Is k a composite number?
True
Suppose 0 = -24*i + 15*i + 75159. Is i a prime number?
False
Let z = -418 - 508. Let l = 1334 + z. Let t = 665 - l. Is t a prime number?
True
Suppose x = 71*t - 69*t + 2779, -3*x + 8307 = 4*t. Is x a prime number?
False
Let r(h) = 36*h**3 + 11*h**2 + 2*h - 5. Is r(4) composite?
True
Let v(q) = 66*q - 1. Suppose -2*m = 2*m - 52. Suppose x + 3 = -2*t + m, -3*t = 2*x - 15. Is v(t) a composite number?
True
Is (8/(-10)*(-2630)/4)/2 composite?
False
Suppose 4*j = -w + 59119, 2*j + w + 59113 = 6*j. Is j a prime number?
True
Let y be 1 + -2 + 2 + -1. Suppose -3*s + 5*m - 32 = -136, -4*s - 2*m + 104 = y. Suppose -j + s = -61. Is j a composite number?
False
Let x = -3217 + 9902. Suppose -4*j - 3*s = 8928, 4*j + x = j - 5*s. Is (6/(-15))/(6/j) composite?
False
Let t(i) = 18*i**2 - 2*i + 1. Let k be t(3). Let m = 342 - k. Is m composite?
True
Suppose 4*l + l = 0. Let w be -92 - (0 + (l - 3)). Let z = w + 140. Is z composite?
True
Is 16/(-4) - 81*-51 composite?
False
Let s(k) = 90*k - 7. Let f be s(5). Is f*((-6)/(-4) - (-1)/(-2)) prime?
True
Let a = 7635 + -3053. Suppose 4*i - t - 2039 = a, -2*i + 3309 = t. Is i prime?
False
Let f = -13228 - -22719. Is f a prime number?
True
Let j(s) = 969*s - 175. Is j(6) a composite number?
False
Let c(y) = -466*y - 215. Is c(-26) a prime number?
False
Let m be (-446 - 2/(-2))*1. Let w be (-3)/((-60)/(-8))*m. Suppose -2*k = w - 812. Is k prime?
True
Let z = -977 - -1466. Suppose -13831 = -14*j - z. Is j a prime number?
True
Suppose 0 = 3*l + 5107 - 370. Let n = l + 3314. Suppose 4*s + f = n + 805, 0 = -f. Is s prime?
False
Suppose 4*a + 3106 - 43432 = 5*b, 40306 = 4*a + 5*b. Is a a composite number?
False
Let m(r) = r**2 + r + 7. Suppose 0 = 5*l - 2*b - 26, 7*b = 3*b - 12. Suppose -2*z + 10 = 5*h, 0*h - 3*z + 15 = -l*h. Is m(h) prime?
True
Let o = 0 + 3. Suppose 3*f = z + 1, -f + o = 5*z - 24. Suppose -150 - 224 = -f*x. Is x a composite number?
True
Suppose -24*b = -6*b - 29538. Is b a composite number?
True
Let s = 13 + -8. Suppose -5*v = -5*f + 10, 0*v - s*f = -2*v - 19. Is (-1)/v + 2148/18 prime?
False
Let j = 11204 + -4338. Is j a composite number?
True
Let x = 4689 - 130. Is x prime?
False
Let s(b) = -58*b**3 - b**2 - 32*b + 11. Is s(-6) a prime number?
False
Suppose -4*a - 4*l = -25140, -3*l + 25142 = 4*a - 0*l. Is a a prime number?
True
Let a = 5226 - -1577. Is a prime?
True
Let j(f) = -f**2 + 14*f - 14. Let m be j(10). Suppose 0 = 2*n + 3*g - m, -2*n = -6*n - 3*g + 64. Suppose 16 = 5*p - n. Is p a prime number?
True
Suppose -2*p + 51 + 9 = 0. Let j be -1*p*80/12. Let d = j - -367. Is d a prime number?
True
Let n be 30/20 - 22/4. Is (n - -33)/(3/33) a composite number?
True
Let v(g) = 160*g**2 - 77*g - 19. Is v(22) a prime number?
False
Suppose o + 5*o - 1848 = 0. Is o - (6/8 + 1/4) a composite number?
False
Let y = 4945 + -1454. Is y a composite number?
False
Suppose -4*v = r - 32, 0 = -5*r - 5*v + 148 - 48. Suppose -w + r = 4*l, 4*w + 3*l = w + 21. Is (-20)/15*(-474)/w a composite number?
True
Let r be 60/14 - ((-5)/7 + 1). Suppose -3*n = -2*s - 3*s + 789, -4*n = -r*s + 628. Is s a prime number?
False
Let h(i) = 11*i**2 + 15*i - 225. Is h(22) a composite number?
True
Let v(f) = 16 + 16*f - 13*f + 24*f + 30*f. Is v(15) prime?
False
Suppose 0 = -15*f + 19*f + 12160. Let y = f + 4725. Is y a prime number?
False
Let a(u) = 13*u - 7. Let v be a(3). Suppose 4*c - v = -572. Let d = 254 + c. Is d prime?
False
Is (-16)/(-40) + 46173/5 prime?
False
Let b be (-180)/(-40)*(-2)/(-3). Suppose 3*x - 2*t = 504, x - 489 = -2*x - b*t. Is x composite?
True
Let q(h) = h**2 - 3*h + 4. Let n be q(0). Suppose u + 3*u - 14392 = -n*i, -12 = 4*u. Is i a prime number?
False
Let m be 6/(-10) - ((-1228)/5 + -2). Let c = 568 - m. Is c a prime number?
False
Suppose 2*q - 4*q - 5*g + 22 = 0, 4*g = 5*q + 11. Let d(c) = 194*c**3 - c**2 + 1. Is d(q) composite?
True
Let g = 27 + -20. Suppose -g*b + 422 = -467. Is b a composite number?
False
Suppose -38*j = -6*j - 161248. Is j a prime number?
True
Let k(m) = -m**3 + 19*m**2 + 44*m - 27. Let y be k(21). Suppose y*l - 14*l = 1039. Is l a prime number?
True
Let d(t) = 138*t**2 + 5*t - 4. Is d(1) a composite number?
False
Let o(v) be the second derivative of 0 + 12*v - 1/4*v**4 + 3/2*v**2 - 1/6*v**3 - 1/10*v**5. Is o(-3) a composite number?
True
Let g(s) = -7*s - 30. Let y be g(-5). Let r = 61 + -36. Is r*y - (5 + -3) prime?
False
Suppose 5*r = 2*r. Let d(q) = r - 5*q + 7*q + 11*q - 6. Is d(5) a composite number?
False
Let t(y) = 12*y - 15. Let l be t(-17). Let r = -77 - l. Is r composite?
True
Suppose 34504 = 4*q + 3*i, -2*q + 4*q - 17238 = -5*i. Let g = -5222 + q. Is g a composite number?
False
Is (30/(-80) - 68110/(-16))*2 a composite number?
Fals